 522, -z*m - t - t = -530. What are the prime factors of m?
269
Suppose -9*v = -3*x - 12*v + 212976, -4*v - 212913 = -3*x. List the prime factors of x.
3, 11, 239
Suppose 131388 = 5*b - h, -3*h - 30911 = -2*b + 21626. List the prime factors of b.
11, 2389
Let p(v) = 662*v**2 - 663*v**2 - 50*v - 71 - 3*v. List the prime factors of p(-22).
13, 47
Let r = 379 - 265. Suppose d = -4*l + 165, -5*l - 2*d + r + 93 = 0. List the prime factors of l.
41
What are the prime factors of (697332/(-54))/(228/(-54) + 4)?
58111
Let y(s) = -190*s + 371. What are the prime factors of y(0)?
7, 53
Let c = 3394 - 2969. List the prime factors of c.
5, 17
Let o be (-16 - -6)/(1/(-22)). Suppose 55*j - 178 - 152 = 0. Let z = o - j. What are the prime factors of z?
2, 107
Let w(o) = 175*o**2 - 12*o - 91. List the prime factors of w(11).
2, 3, 97
Let y(f) = 452*f + 1001. List the prime factors of y(13).
13, 23
Let c = 11892 - 7032. What are the prime factors of c?
2, 3, 5
Suppose -4*z - 15 = 4*t - 87, -5*t = -3*z + 78. Suppose -28*h = -z*h - 3535. What are the prime factors of h?
5, 101
Suppose 24*h + 20*h = 176. Suppose -67*s + 71*s + 2*a - 6488 = 0, 0 = -h*s - 3*a + 6488. What are the prime factors of s?
2, 811
Let z = 2186 + -582. Suppose -4*t + i + 95 + 1501 = 0, 3*i + z = 4*t. What are the prime factors of t?
2, 199
Let t(z) = 8 + 11*z - z + 8*z + 7. Let u = 178 - 172. What are the prime factors of t(u)?
3, 41
Let y be (-5)/(-2) - (-3510)/4. Suppose 4*a - 4*d + d - 3513 = 0, -d + y = a. What are the prime factors of a?
3, 293
Let f(v) = 11*v**2 + 4*v - 4. Let o be -4 - (-4 + 6 + -1). List the prime factors of f(o).
251
Let g = 38 + -7. Let i = g + -23. Let o(m) = -m**2 + 20*m - 5. List the prime factors of o(i).
7, 13
Let q(g) = -g**2 + 17*g - 17. Let h be q(12). Let z be ((-37)/4)/(19/76). Let a = h - z. List the prime factors of a.
2, 5
Suppose 0 = -s + 3*s - 4. Suppose s*r + 32 = 10*r. Suppose -l - 3 = -2*l, -5*l = -r*c + 25. List the prime factors of c.
2, 5
Let k = 50 + -19. Suppose -2*d - 921 = -3*q, -650 = -2*q + 3*d - k. What are the prime factors of q?
5, 61
Suppose 19187 = n - 2*h, n - 68*h + 67*h - 19189 = 0. List the prime factors of n.
3, 6397
Suppose -6*x = 3*t - 8*x - 1508, -2*x = 4*t - 1992. Suppose -5*y - 2*w + t = 0, -5*y + 25*w = 30*w - 485. What are the prime factors of y?
2, 3, 17
Suppose 667*z - 883837 = 626*z. List the prime factors of z.
21557
Suppose 2 - 115 = 3*i - j, -2*j = -3*i - 115. Let g = i + 99. Let x = g - 31. What are the prime factors of x?
31
Suppose 1 + 3 = -2*u + 5*t, -2*t = -4*u + 8. Suppose -4*b - u*l + 1088 = 0, 2*b - 9*l + 7*l = 530. List the prime factors of b.
269
Suppose 2*w - 16 = -3*a - 3, 4*w + 29 = 5*a. Suppose -a*v + 1950 = 5*q, -6*q = -7*q + 5*v + 408. What are the prime factors of q?
3, 131
Let d(h) = -h**3 - 23*h**2 - 22*h + 10. Let l = -116 + 94. Let y be d(l). Suppose 4*k + 2*t - 546 = -t, y = 5*t. What are the prime factors of k?
3, 5
Suppose 15*a - 71 = -11. Suppose -a*k = -k - 2*z - 1482, 5*k - 2463 = z. What are the prime factors of k?
2, 3, 41
List the prime factors of (100909/(-94))/((-1)/4).
2, 19, 113
Suppose 4*q = -4, -j + 1059*q - 1054*q + 3374 = 0. List the prime factors of j.
3, 1123
Let k = -4679 - -7980. Suppose 8*f - k = 1179. What are the prime factors of f?
2, 5, 7
Let j = 2441 - 1718. What are the prime factors of j?
3, 241
Suppose -5*q = 2*p - q - 46, q = -4*p + 113. Let t(c) = 43*c - 134. What are the prime factors of t(p)?
3, 7, 53
Suppose 7*a - 15796 = -q + 3*a, -5*q - 4*a = -78932. List the prime factors of q.
2, 1973
Let g(f) = 11*f - 39. Let w be g(-5). Let t = 112 + w. List the prime factors of t.
2, 3
Let q = 182 + -541. Let s = 698 - q. List the prime factors of s.
7, 151
What are the prime factors of (11/(-4))/((-675)/13574700) - 4/(-6)?
3, 5, 1229
Let b = -8 - -2. Let j(g) = 2*g + 8. Let f be j(b). What are the prime factors of (-5)/(-50)*f - (-42)/5?
2
Let t(f) = -f**2 - 248*f + 2660. List the prime factors of t(-110).
2, 5, 223
List the prime factors of (50391/(-15))/(21/(-1260)*6).
2, 3, 11, 509
Let v(l) = 102*l + 1782. What are the prime factors of v(50)?
2, 3, 31, 37
Let c(f) = -20*f**3 - 9*f**2 + 18*f + 26. Let t(p) = -7*p**3 - 3*p**2 + 6*p + 9. Let h(b) = -6*c(b) + 17*t(b). What are the prime factors of h(6)?
3, 5, 19
Suppose 2*z - z = 119. Let y = z - 117. Suppose -y*a = -2*o - 164, 127 + 177 = 4*a + 4*o. What are the prime factors of a?
79
Suppose 3*o - 4*a = 24858, -2*o + 7*o - 41488 = -3*a. List the prime factors of o.
2, 11, 13, 29
Let k be (6 + 1 + -7)/(-1). Let l(g) = 4*g. Let o be l(-1). What are the prime factors of o + k - -2 - -5?
3
Let j = 393 + -89. Suppose 4*z - 1 = m, 3*z - 8 + 6 = 2*m. Suppose z = 4*x - r + 5*r - j, -70 = -x - 3*r. What are the prime factors of x?
79
Let b = -712 + 568. Let m = b - -938. What are the prime factors of m?
2, 397
Suppose -15826 - 10628 = -57*g + 36816. What are the prime factors of g?
2, 3, 5, 37
Suppose 6*j + 424 + 104 = 0. Let y = 439 + j. Let i = y - 237. What are the prime factors of i?
2, 3, 19
Suppose 15 = 2*b + 1. Let c be (-12)/(-4) - (-237)/(b - 4). Let m = c - -33. List the prime factors of m.
5, 23
Let r(x) = x - 6. Let p be r(9). Suppose -4*o + 9 = p*g - 4*g, -5*g = 4*o - 27. What are the prime factors of ((-121)/o)/(8/(-24))?
11
Let v(g) be the third derivative of g**4/4 + 76*g**3/3 + g**2. Let x(j) = -j**2 + 17*j + 984. Let p be x(-24). List the prime factors of v(p).
2, 19
Let y(o) = -971*o - 52. List the prime factors of y(-4).
2, 479
Let s(h) = 7*h + 94. Let l be s(-13). Suppose -v + l*p = -p - 396, 1138 = 3*v - 2*p. What are the prime factors of v?
2, 47
Suppose 0 = -4*y + 8. Let o(i) = 17*i**2 - 2*i + 4. Let u be o(y). Let c = 124 - u. List the prime factors of c.
2, 7
Suppose 10*n = 20 + 230. Suppose 2*f + o - 1554 = -123, 5*o = n. What are the prime factors of f?
23, 31
List the prime factors of (12143/(-5) + 1)/(170/(-850)).
2, 3, 7, 17
Let i = -32192 + 99401. What are the prime factors of i?
3, 43, 521
Suppose 32*v - 37*v = -4*t - 9, -23 = -2*t - 3*v. Suppose -3*j - t*y + 1471 = 0, -3*j + 21*y + 1516 = 16*y. List the prime factors of j.
7, 71
Let y be (-4095)/(-78)*40/14. Let r = y + 554. What are the prime factors of r?
2, 11
Suppose 5*d + 3408 = 4*u, 3*u + 3*d - 919 = 1610. Suppose -2*j = 5*y - u + 125, j + 2*y = 362. What are the prime factors of j?
2, 3, 61
Let v = 4862 + -2562. List the prime factors of 3/6 - v/(-8).
2, 3
Let m(y) = -y**2 + 129*y - 940. What are the prime factors of m(92)?
2, 7, 11
Let r = 23 - 4. Suppose -r*o + 190 = -17*o. Suppose 2*s + 1 = o. What are the prime factors of s?
47
Suppose 0 = 32*m - 12*m - 1604420. What are the prime factors of m?
80221
What are the prime factors of (-165312)/(-80)*25/10?
2, 3, 7, 41
Let n(b) = -b**2 - 17*b - 31. Let a be n(-15). What are the prime factors of 704/220*(a + 206)?
2, 41
Let i be (-15)/(-2)*8/4. Let j be i*(-3)/6*-60. Suppose 4*d = -d + j. What are the prime factors of d?
2, 3, 5
Let p = -59 + 119. Let i = p - -6. What are the prime factors of i?
2, 3, 11
Suppose -4*u + 8 = 0, -j + 3*u = -542 - 466. List the prime factors of ((-8)/(16/j))/(3/(-2)).
2, 13
Let x(z) = -20*z - 3. Let m be x(-2). Let q = 1824 + -1832. Let g = q + m. What are the prime factors of g?
29
Suppose 17*i - 56 - 46 = 0. Suppose -i*o + 32015 = 13*o. What are the prime factors of o?
5, 337
Let l be (-28)/98 - (-1460)/14. Suppose -10*s + 9*s = 0. Suppose s = 7*u + u - l. What are the prime factors of u?
13
Let w(t) = 3*t**2 + 8*t + 9. Let f be w(-1). List the prime factors of ((-54)/(-1))/(1/f).
2, 3
Let i(x) = -x**2 - 15*x + 23. Let j(c) = -7*c - 142. Let u be j(-19). What are the prime factors of i(u)?
7, 11
List the prime factors of ((-24937)/44 + 8)/((-12)/736).
2, 5, 23, 149
Let t(p) = 5*p**2 - 2*p - 703. Let h(m) = m**2 + m + 1. Let l(z) = 3*h(z) - t(z). List the prime factors of l(0).
2, 353
Let n(c) = 77*c + 28. Let w be n(-9). Let h = w - -1112. List the prime factors of h.
3, 149
Let i(f) be the first derivative of 5*f**3/3 + f + 11. Let v be i(-1). What are the prime factors of 4 - (-592)/6 - 4/v?
2, 3, 17
List the prime factors of (-1 + 0 - (-16)/(-8)) + 5542.
29, 191
Let w(n) = 324*n - 17. Let y(z) = -485*z + 26. Let a(s) = 8*w(s) + 5*y(s). Let t be a(2).